{"id":12,"date":"2020-01-25T09:57:54","date_gmt":"2020-01-25T09:57:54","guid":{"rendered":"https:\/\/www.podologie-wasserburg.de\/?page_id=12"},"modified":"2020-01-30T12:45:07","modified_gmt":"2020-01-30T12:45:07","slug":"hornhautentfernung","status":"publish","type":"page","link":"https:\/\/www.podologie-wasserburg.de\/index.php\/leistungen\/hornhautentfernung\/","title":{"rendered":"Hornhautentfernung"},"content":{"rendered":"<div class=\"fusion-fullwidth fullwidth-box fusion-builder-row-1 fusion-flex-container nonhundred-percent-fullwidth non-hundred-percent-height-scrolling\" style=\"--awb-border-radius-top-left:0px;--awb-border-radius-top-right:0px;--awb-border-radius-bottom-right:0px;--awb-border-radius-bottom-left:0px;--awb-flex-wrap:wrap;\" ><div class=\"fusion-builder-row fusion-row fusion-flex-align-items-flex-start fusion-flex-content-wrap\" style=\"max-width:1144px;margin-left: calc(-4% \/ 2 );margin-right: calc(-4% \/ 2 );\"><div class=\"fusion-layout-column fusion_builder_column fusion-builder-column-0 fusion_builder_column_2_3 2_3 fusion-flex-column\" style=\"--awb-bg-size:cover;--awb-width-large:66.666666666667%;--awb-margin-top-large:0px;--awb-spacing-right-large:3.84%;--awb-margin-bottom-large:20px;--awb-spacing-left-large:2.88%;--awb-width-medium:100%;--awb-spacing-right-medium:1.92%;--awb-spacing-left-medium:1.92%;--awb-width-small:100%;--awb-spacing-right-small:1.92%;--awb-spacing-left-small:1.92%;\"><div class=\"fusion-column-wrapper fusion-column-has-shadow fusion-flex-justify-content-flex-start fusion-content-layout-column\"><div class=\"fusion-image-element \" style=\"--awb-caption-title-font-family:var(--h2_typography-font-family);--awb-caption-title-font-weight:var(--h2_typography-font-weight);--awb-caption-title-font-style:var(--h2_typography-font-style);--awb-caption-title-size:var(--h2_typography-font-size);--awb-caption-title-transform:var(--h2_typography-text-transform);--awb-caption-title-line-height:var(--h2_typography-line-height);--awb-caption-title-letter-spacing:var(--h2_typography-letter-spacing);\"><span class=\" fusion-imageframe imageframe-none imageframe-1 hover-type-none\"><img decoding=\"async\" width=\"600\" height=\"474\" title=\"Hornhautentfernung mt Skalpell\" src=\"https:\/\/www.podologie-wasserburg.de\/wp-content\/uploads\/2020\/01\/Montage1b.jpg\" data-orig-src=\"https:\/\/www.podologie-wasserburg.de\/wp-content\/uploads\/2020\/01\/Montage1b-600x474.jpg\" alt class=\"lazyload img-responsive wp-image-13\" srcset=\"data:image\/svg+xml,%3Csvg%20xmlns%3D%27http%3A%2F%2Fwww.w3.org%2F2000%2Fsvg%27%20width%3D%27946%27%20height%3D%27748%27%20viewBox%3D%270%200%20946%20748%27%3E%3Crect%20width%3D%27946%27%20height%3D%27748%27%20fill-opacity%3D%220%22%2F%3E%3C%2Fsvg%3E\" data-srcset=\"https:\/\/www.podologie-wasserburg.de\/wp-content\/uploads\/2020\/01\/Montage1b-200x158.jpg 200w, https:\/\/www.podologie-wasserburg.de\/wp-content\/uploads\/2020\/01\/Montage1b-400x316.jpg 400w, https:\/\/www.podologie-wasserburg.de\/wp-content\/uploads\/2020\/01\/Montage1b-600x474.jpg 600w, https:\/\/www.podologie-wasserburg.de\/wp-content\/uploads\/2020\/01\/Montage1b-800x633.jpg 800w, https:\/\/www.podologie-wasserburg.de\/wp-content\/uploads\/2020\/01\/Montage1b.jpg 946w\" data-sizes=\"auto\" data-orig-sizes=\"(max-width: 1024px) 100vw, (max-width: 640px) 100vw, 800px\" \/><\/span><\/div><\/div><\/div><div class=\"fusion-layout-column fusion_builder_column fusion-builder-column-1 fusion_builder_column_1_3 1_3 fusion-flex-column\" style=\"--awb-bg-size:cover;--awb-width-large:33.333333333333%;--awb-margin-top-large:0px;--awb-spacing-right-large:5.76%;--awb-margin-bottom-large:20px;--awb-spacing-left-large:3.8399999999999%;--awb-width-medium:100%;--awb-spacing-right-medium:1.92%;--awb-spacing-left-medium:1.92%;--awb-width-small:100%;--awb-spacing-right-small:1.92%;--awb-spacing-left-small:1.92%;\"><div class=\"fusion-column-wrapper fusion-column-has-shadow fusion-flex-justify-content-flex-start fusion-content-layout-column\"><div class=\"fusion-image-element \" style=\"--awb-caption-title-font-family:var(--h2_typography-font-family);--awb-caption-title-font-weight:var(--h2_typography-font-weight);--awb-caption-title-font-style:var(--h2_typography-font-style);--awb-caption-title-size:var(--h2_typography-font-size);--awb-caption-title-transform:var(--h2_typography-text-transform);--awb-caption-title-line-height:var(--h2_typography-line-height);--awb-caption-title-letter-spacing:var(--h2_typography-letter-spacing);\"><span class=\" fusion-imageframe imageframe-none imageframe-2 hover-type-none\"><img decoding=\"async\" width=\"150\" height=\"168\" title=\"Grafik Skalpell\" src=\"data:image\/svg+xml,%3Csvg%20xmlns%3D%27http%3A%2F%2Fwww.w3.org%2F2000%2Fsvg%27%20width%3D%27150%27%20height%3D%27168%27%20viewBox%3D%270%200%20150%20168%27%3E%3Crect%20width%3D%27150%27%20height%3D%27168%27%20fill-opacity%3D%220%22%2F%3E%3C%2Fsvg%3E\" data-orig-src=\"https:\/\/www.podologie-wasserburg.de\/wp-content\/uploads\/2020\/01\/Graf-Skalpell.png\" alt class=\"lazyload img-responsive wp-image-97\"\/><\/span><\/div><ul style=\"--awb-line-height:23.8px;--awb-icon-width:23.8px;--awb-icon-height:23.8px;--awb-icon-margin:9.8px;--awb-content-margin:33.6px;--awb-circlecolor:#33cccc;--awb-circle-yes-font-size:12.32px;\" class=\"fusion-checklist fusion-checklist-1 fusion-checklist-default type-icons\"><li class=\"fusion-li-item\" style=\"\"><span class=\"icon-wrapper circle-yes\"><i class=\"fusion-li-icon fa-asterisk fas\" aria-hidden=\"true\"><\/i><\/span><div class=\"fusion-li-item-content\">\n<p>Behandlung mit Skalpell<\/p>\n<\/div><\/li><li class=\"fusion-li-item\" style=\"\"><span class=\"icon-wrapper circle-yes\"><i class=\"fusion-li-icon fa-asterisk fas\" aria-hidden=\"true\"><\/i><\/span><div class=\"fusion-li-item-content\">\n<p>keine Hautirritation<\/p>\n<\/div><\/li><li class=\"fusion-li-item\" style=\"\"><span class=\"icon-wrapper circle-yes\"><i class=\"fusion-li-icon fa-asterisk fas\" aria-hidden=\"true\"><\/i><\/span><div class=\"fusion-li-item-content\">\n<p>keine Reibungsw\u00e4rme<\/p>\n<\/div><\/li><li class=\"fusion-li-item\" style=\"\"><span class=\"icon-wrapper circle-yes\"><i class=\"fusion-li-icon fa-asterisk fas\" aria-hidden=\"true\"><\/i><\/span><div class=\"fusion-li-item-content\">\n<p>punktgenau<\/p>\n<\/div><\/li><li class=\"fusion-li-item\" style=\"\"><span class=\"icon-wrapper circle-yes\"><i class=\"fusion-li-icon fa-asterisk fas\" aria-hidden=\"true\"><\/i><\/span><div class=\"fusion-li-item-content\">\n<p>dauerhafte Verbesserung<\/p>\n<\/div><\/li><\/ul><\/div><\/div><div class=\"fusion-layout-column fusion_builder_column fusion-builder-column-2 fusion_builder_column_1_1 1_1 fusion-flex-column\" style=\"--awb-bg-size:cover;--awb-width-large:100%;--awb-margin-top-large:0px;--awb-spacing-right-large:1.92%;--awb-margin-bottom-large:0px;--awb-spacing-left-large:1.92%;--awb-width-medium:100%;--awb-spacing-right-medium:1.92%;--awb-spacing-left-medium:1.92%;--awb-width-small:100%;--awb-spacing-right-small:1.92%;--awb-spacing-left-small:1.92%;\"><div class=\"fusion-column-wrapper fusion-flex-justify-content-flex-start fusion-content-layout-column\"><div class=\"fusion-text fusion-text-1\"><p>Hornhautentfernung<\/p>\n<p>Wenn die Haut verhornt, dann verliert sie ihre Elastizit\u00e4t, oft sind tiefe und schmerzhafte Einrisse die Folge. Viele Patienten haben selbst Hand angelegt, ihre Haut mit Feile oder Raspel behandelt &#8211; und damit das Problem verschlimmert. Im Rahmen der Anamnese und Befundung untersuche ich das Hautbild und w\u00e4hle die geeignete Therapie aus. Mit einer pr\u00e4zise ausgef\u00fchrten Skalpelltechnik lassen sich auch schwerwiegende Verhornungen kontrolliert und punktgenau behandeln. Durch die schonende, rein manuelle Behandlung wird keine Reibungsw\u00e4rme in die Haut eingebracht und somit weniger Hornhautbildung provoziert.<\/p>\n<\/div><\/div><\/div><\/div><\/div>\n","protected":false},"excerpt":{"rendered":"","protected":false},"author":1,"featured_media":0,"parent":16,"menu_order":0,"comment_status":"closed","ping_status":"closed","template":"","meta":{"footnotes":""},"class_list":["post-12","page","type-page","status-publish","hentry"],"yoast_head":"<!-- This site is optimized with the Yoast SEO plugin v25.8 - https:\/\/yoast.com\/wordpress\/plugins\/seo\/ -->\n<title>Hornhautentfernung - Podologie Wasserburg<\/title>\n<meta name=\"robots\" content=\"index, follow, max-snippet:-1, max-image-preview:large, max-video-preview:-1\" \/>\n<link rel=\"canonical\" href=\"https:\/\/www.podologie-wasserburg.de\/index.php\/leistungen\/hornhautentfernung\/\" \/>\n<meta property=\"og:locale\" content=\"de_DE\" \/>\n<meta property=\"og:type\" content=\"article\" \/>\n<meta property=\"og:title\" content=\"Hornhautentfernung - Podologie Wasserburg\" \/>\n<meta property=\"og:url\" content=\"https:\/\/www.podologie-wasserburg.de\/index.php\/leistungen\/hornhautentfernung\/\" \/>\n<meta property=\"og:site_name\" content=\"Podologie Wasserburg\" \/>\n<meta property=\"article:modified_time\" content=\"2020-01-30T12:45:07+00:00\" \/>\n<meta name=\"twitter:card\" content=\"summary_large_image\" \/>\n<meta name=\"twitter:label1\" content=\"Gesch\u00e4tzte Lesezeit\" \/>\n\t<meta name=\"twitter:data1\" content=\"4\u00a0Minuten\" \/>\n<script type=\"application\/ld+json\" class=\"yoast-schema-graph\">{\"@context\":\"https:\/\/schema.org\",\"@graph\":[{\"@type\":\"WebPage\",\"@id\":\"https:\/\/www.podologie-wasserburg.de\/index.php\/leistungen\/hornhautentfernung\/\",\"url\":\"https:\/\/www.podologie-wasserburg.de\/index.php\/leistungen\/hornhautentfernung\/\",\"name\":\"Hornhautentfernung - Podologie Wasserburg\",\"isPartOf\":{\"@id\":\"https:\/\/www.podologie-wasserburg.de\/#website\"},\"datePublished\":\"2020-01-25T09:57:54+00:00\",\"dateModified\":\"2020-01-30T12:45:07+00:00\",\"breadcrumb\":{\"@id\":\"https:\/\/www.podologie-wasserburg.de\/index.php\/leistungen\/hornhautentfernung\/#breadcrumb\"},\"inLanguage\":\"de\",\"potentialAction\":[{\"@type\":\"ReadAction\",\"target\":[\"https:\/\/www.podologie-wasserburg.de\/index.php\/leistungen\/hornhautentfernung\/\"]}]},{\"@type\":\"BreadcrumbList\",\"@id\":\"https:\/\/www.podologie-wasserburg.de\/index.php\/leistungen\/hornhautentfernung\/#breadcrumb\",\"itemListElement\":[{\"@type\":\"ListItem\",\"position\":1,\"name\":\"Startseite\",\"item\":\"https:\/\/www.podologie-wasserburg.de\/\"},{\"@type\":\"ListItem\",\"position\":2,\"name\":\"Leistungen\",\"item\":\"https:\/\/www.podologie-wasserburg.de\/index.php\/leistungen\/\"},{\"@type\":\"ListItem\",\"position\":3,\"name\":\"Hornhautentfernung\"}]},{\"@type\":\"WebSite\",\"@id\":\"https:\/\/www.podologie-wasserburg.de\/#website\",\"url\":\"https:\/\/www.podologie-wasserburg.de\/\",\"name\":\"Podologie Wasserburg - Fachpraxis f\u00fcr Fu\u00dfgesundheit\",\"description\":\"Fachpraxis f\u00fcr Fu\u00dfgesundheit\",\"potentialAction\":[{\"@type\":\"SearchAction\",\"target\":{\"@type\":\"EntryPoint\",\"urlTemplate\":\"https:\/\/www.podologie-wasserburg.de\/?s={search_term_string}\"},\"query-input\":{\"@type\":\"PropertyValueSpecification\",\"valueRequired\":true,\"valueName\":\"search_term_string\"}}],\"inLanguage\":\"de\"}]}<\/script>\n<!-- \/ Yoast SEO plugin. -->","yoast_head_json":{"title":"Hornhautentfernung - Podologie Wasserburg","robots":{"index":"index","follow":"follow","max-snippet":"max-snippet:-1","max-image-preview":"max-image-preview:large","max-video-preview":"max-video-preview:-1"},"canonical":"https:\/\/www.podologie-wasserburg.de\/index.php\/leistungen\/hornhautentfernung\/","og_locale":"de_DE","og_type":"article","og_title":"Hornhautentfernung - Podologie Wasserburg","og_url":"https:\/\/www.podologie-wasserburg.de\/index.php\/leistungen\/hornhautentfernung\/","og_site_name":"Podologie Wasserburg","article_modified_time":"2020-01-30T12:45:07+00:00","twitter_card":"summary_large_image","twitter_misc":{"Gesch\u00e4tzte Lesezeit":"4\u00a0Minuten"},"schema":{"@context":"https:\/\/schema.org","@graph":[{"@type":"WebPage","@id":"https:\/\/www.podologie-wasserburg.de\/index.php\/leistungen\/hornhautentfernung\/","url":"https:\/\/www.podologie-wasserburg.de\/index.php\/leistungen\/hornhautentfernung\/","name":"Hornhautentfernung - Podologie Wasserburg","isPartOf":{"@id":"https:\/\/www.podologie-wasserburg.de\/#website"},"datePublished":"2020-01-25T09:57:54+00:00","dateModified":"2020-01-30T12:45:07+00:00","breadcrumb":{"@id":"https:\/\/www.podologie-wasserburg.de\/index.php\/leistungen\/hornhautentfernung\/#breadcrumb"},"inLanguage":"de","potentialAction":[{"@type":"ReadAction","target":["https:\/\/www.podologie-wasserburg.de\/index.php\/leistungen\/hornhautentfernung\/"]}]},{"@type":"BreadcrumbList","@id":"https:\/\/www.podologie-wasserburg.de\/index.php\/leistungen\/hornhautentfernung\/#breadcrumb","itemListElement":[{"@type":"ListItem","position":1,"name":"Startseite","item":"https:\/\/www.podologie-wasserburg.de\/"},{"@type":"ListItem","position":2,"name":"Leistungen","item":"https:\/\/www.podologie-wasserburg.de\/index.php\/leistungen\/"},{"@type":"ListItem","position":3,"name":"Hornhautentfernung"}]},{"@type":"WebSite","@id":"https:\/\/www.podologie-wasserburg.de\/#website","url":"https:\/\/www.podologie-wasserburg.de\/","name":"Podologie Wasserburg - Fachpraxis f\u00fcr Fu\u00dfgesundheit","description":"Fachpraxis f\u00fcr Fu\u00dfgesundheit","potentialAction":[{"@type":"SearchAction","target":{"@type":"EntryPoint","urlTemplate":"https:\/\/www.podologie-wasserburg.de\/?s={search_term_string}"},"query-input":{"@type":"PropertyValueSpecification","valueRequired":true,"valueName":"search_term_string"}}],"inLanguage":"de"}]}},"_links":{"self":[{"href":"https:\/\/www.podologie-wasserburg.de\/index.php\/wp-json\/wp\/v2\/pages\/12","targetHints":{"allow":["GET"]}}],"collection":[{"href":"https:\/\/www.podologie-wasserburg.de\/index.php\/wp-json\/wp\/v2\/pages"}],"about":[{"href":"https:\/\/www.podologie-wasserburg.de\/index.php\/wp-json\/wp\/v2\/types\/page"}],"author":[{"embeddable":true,"href":"https:\/\/www.podologie-wasserburg.de\/index.php\/wp-json\/wp\/v2\/users\/1"}],"replies":[{"embeddable":true,"href":"https:\/\/www.podologie-wasserburg.de\/index.php\/wp-json\/wp\/v2\/comments?post=12"}],"version-history":[{"count":6,"href":"https:\/\/www.podologie-wasserburg.de\/index.php\/wp-json\/wp\/v2\/pages\/12\/revisions"}],"predecessor-version":[{"id":98,"href":"https:\/\/www.podologie-wasserburg.de\/index.php\/wp-json\/wp\/v2\/pages\/12\/revisions\/98"}],"up":[{"embeddable":true,"href":"https:\/\/www.podologie-wasserburg.de\/index.php\/wp-json\/wp\/v2\/pages\/16"}],"wp:attachment":[{"href":"https:\/\/www.podologie-wasserburg.de\/index.php\/wp-json\/wp\/v2\/media?parent=12"}],"curies":[{"name":"wp","href":"https:\/\/api.w.org\/{rel}","templated":true}]}}