{"id":164,"date":"2020-07-14T10:45:04","date_gmt":"2020-07-14T10:45:04","guid":{"rendered":"https:\/\/www.podologie-wasserburg.de\/?page_id=164"},"modified":"2020-07-16T10:19:42","modified_gmt":"2020-07-16T10:19:42","slug":"anfahrt","status":"publish","type":"page","link":"https:\/\/www.podologie-wasserburg.de\/index.php\/anfahrt\/","title":{"rendered":"Anfahrt"},"content":{"rendered":"<div class=\"fusion-fullwidth fullwidth-box fusion-builder-row-1 fusion-flex-container nonhundred-percent-fullwidth non-hundred-percent-height-scrolling\" style=\"--awb-border-radius-top-left:0px;--awb-border-radius-top-right:0px;--awb-border-radius-bottom-right:0px;--awb-border-radius-bottom-left:0px;--awb-flex-wrap:wrap;\" ><div class=\"fusion-builder-row fusion-row fusion-flex-align-items-flex-start fusion-flex-content-wrap\" style=\"max-width:1144px;margin-left: calc(-4% \/ 2 );margin-right: calc(-4% \/ 2 );\"><div class=\"fusion-layout-column fusion_builder_column fusion-builder-column-0 fusion_builder_column_1_2 1_2 fusion-flex-column\" style=\"--awb-bg-size:cover;--awb-width-large:50%;--awb-margin-top-large:0px;--awb-spacing-right-large:3.84%;--awb-margin-bottom-large:20px;--awb-spacing-left-large:3.84%;--awb-width-medium:100%;--awb-spacing-right-medium:1.92%;--awb-spacing-left-medium:1.92%;--awb-width-small:100%;--awb-spacing-right-small:1.92%;--awb-spacing-left-small:1.92%;\"><div class=\"fusion-column-wrapper fusion-column-has-shadow fusion-flex-justify-content-flex-start fusion-content-layout-column\"><div class=\"fusion-text fusion-text-1\"><p>Ihr Weg zur Fachpraxis f\u00fcr Fu\u00dfgesundheit:<\/p>\n<p>Am Anger 22<\/p>\n<p>83547 Babensham<\/p>\n<p><a href=\"http:\/\/map.google.com\/maps?q=83547+Babensham,+am+anger+22\">Route in Google-Maps starten<\/a><\/p>\n<p>Oder den QR-Code mit Ihrem Smartphone \u00f6ffnen: <img decoding=\"async\" class=\"lazyload wp-image-179 size-fusion-200 aligncenter\" src=\"https:\/\/www.podologie-wasserburg.de\/wp-content\/uploads\/2020\/07\/Babensham-am-anger-22-200x200.png\" data-orig-src=\"https:\/\/www.podologie-wasserburg.de\/wp-content\/uploads\/2020\/07\/Babensham-am-anger-22-200x200.png\" alt=\"QR-Code startet Google-Maps\" width=\"200\" height=\"200\" srcset=\"data:image\/svg+xml,%3Csvg%20xmlns%3D%27http%3A%2F%2Fwww.w3.org%2F2000%2Fsvg%27%20width%3D%27200%27%20height%3D%27200%27%20viewBox%3D%270%200%20200%20200%27%3E%3Crect%20width%3D%27200%27%20height%3D%27200%27%20fill-opacity%3D%220%22%2F%3E%3C%2Fsvg%3E\" data-srcset=\"https:\/\/www.podologie-wasserburg.de\/wp-content\/uploads\/2020\/07\/Babensham-am-anger-22-20x20.png 20w, https:\/\/www.podologie-wasserburg.de\/wp-content\/uploads\/2020\/07\/Babensham-am-anger-22-66x66.png 66w, https:\/\/www.podologie-wasserburg.de\/wp-content\/uploads\/2020\/07\/Babensham-am-anger-22-150x150.png 150w, https:\/\/www.podologie-wasserburg.de\/wp-content\/uploads\/2020\/07\/Babensham-am-anger-22-200x200.png 200w, https:\/\/www.podologie-wasserburg.de\/wp-content\/uploads\/2020\/07\/Babensham-am-anger-22-300x300.png 300w, https:\/\/www.podologie-wasserburg.de\/wp-content\/uploads\/2020\/07\/Babensham-am-anger-22-400x400.png 400w, https:\/\/www.podologie-wasserburg.de\/wp-content\/uploads\/2020\/07\/Babensham-am-anger-22-600x600.png 600w, https:\/\/www.podologie-wasserburg.de\/wp-content\/uploads\/2020\/07\/Babensham-am-anger-22-768x768.png 768w, https:\/\/www.podologie-wasserburg.de\/wp-content\/uploads\/2020\/07\/Babensham-am-anger-22-800x800.png 800w, https:\/\/www.podologie-wasserburg.de\/wp-content\/uploads\/2020\/07\/Babensham-am-anger-22-1024x1024.png 1024w, https:\/\/www.podologie-wasserburg.de\/wp-content\/uploads\/2020\/07\/Babensham-am-anger-22-1200x1200.png 1200w, https:\/\/www.podologie-wasserburg.de\/wp-content\/uploads\/2020\/07\/Babensham-am-anger-22-1536x1536.png 1536w\" data-sizes=\"auto\" data-orig-sizes=\"(max-width: 200px) 100vw, 200px\" \/><\/p>\n<p>Sie haben Schmerzen oder Beschwerden und m\u00f6chten wissen, welche Behandlungsm\u00f6glichkeiten ich Ihnen anbieten kann? Oder m\u00f6chten einen Termin vereinbaren? Schreiben Sie eine Mail &#8211; oder rufen an:<\/p>\n<p><a href=\"mailto:info@podologie-wasserburg.de\">info@podologie-wasserburg.de<\/a><\/p>\n<p>08071 &#8211; 922 96 40<\/p>\n<\/div><\/div><\/div><div class=\"fusion-layout-column fusion_builder_column fusion-builder-column-1 fusion_builder_column_1_2 1_2 fusion-flex-column\" style=\"--awb-bg-size:cover;--awb-width-large:50%;--awb-margin-top-large:0px;--awb-spacing-right-large:3.84%;--awb-margin-bottom-large:20px;--awb-spacing-left-large:3.84%;--awb-width-medium:100%;--awb-spacing-right-medium:1.92%;--awb-spacing-left-medium:1.92%;--awb-width-small:100%;--awb-spacing-right-small:1.92%;--awb-spacing-left-small:1.92%;\"><div class=\"fusion-column-wrapper fusion-column-has-shadow fusion-flex-justify-content-flex-start fusion-content-layout-column\"><div class=\"shortcode-map fusion-google-map fusion-maps-embed-type\"><iframe width=\"100%\" height=\"300px\" frameborder=\"0\" style=\"border:0\" src=\"https:\/\/www.google.com\/maps\/embed\/v1\/place?key=AIzaSyDtXHC6RNSCzn9H4WIen8WpMKLbA3ijVTc&language=de&q=83547+Babensham,+Am+Anger+22&maptype=roadmap&zoom=11\" allowfullscreen><\/iframe><\/div><div class=\"fusion-separator fusion-full-width-sep\" style=\"align-self: center;margin-left: auto;margin-right: auto;width:100%;\"><div class=\"fusion-separator-border sep-double\" style=\"--awb-height:20px;--awb-amount:20px;border-color:#e0dede;border-top-width:1px;border-bottom-width:1px;\"><\/div><\/div><div class=\"fusion-text fusion-text-2\"><p>Anfahrtsskizze &#8211; Ihr Weg zur Praxis:<\/p>\n<\/div><div class=\"fusion-image-element \" style=\"text-align:center;--awb-caption-title-font-family:var(--h2_typography-font-family);--awb-caption-title-font-weight:var(--h2_typography-font-weight);--awb-caption-title-font-style:var(--h2_typography-font-style);--awb-caption-title-size:var(--h2_typography-font-size);--awb-caption-title-transform:var(--h2_typography-text-transform);--awb-caption-title-line-height:var(--h2_typography-line-height);--awb-caption-title-letter-spacing:var(--h2_typography-letter-spacing);\"><span class=\" fusion-imageframe imageframe-none imageframe-1 hover-type-none\"><img decoding=\"async\" width=\"448\" height=\"520\" alt=\"Anfahrt Umgebung\" title=\"Anfahrt\" src=\"https:\/\/www.podologie-wasserburg.de\/wp-content\/uploads\/2020\/07\/Anfahrt.png\" data-orig-src=\"https:\/\/www.podologie-wasserburg.de\/wp-content\/uploads\/2020\/07\/Anfahrt.png\" class=\"lazyload img-responsive wp-image-189\" srcset=\"data:image\/svg+xml,%3Csvg%20xmlns%3D%27http%3A%2F%2Fwww.w3.org%2F2000%2Fsvg%27%20width%3D%27448%27%20height%3D%27520%27%20viewBox%3D%270%200%20448%20520%27%3E%3Crect%20width%3D%27448%27%20height%3D%27520%27%20fill-opacity%3D%220%22%2F%3E%3C%2Fsvg%3E\" data-srcset=\"https:\/\/www.podologie-wasserburg.de\/wp-content\/uploads\/2020\/07\/Anfahrt-200x232.png 200w, https:\/\/www.podologie-wasserburg.de\/wp-content\/uploads\/2020\/07\/Anfahrt-400x464.png 400w, https:\/\/www.podologie-wasserburg.de\/wp-content\/uploads\/2020\/07\/Anfahrt.png 448w\" data-sizes=\"auto\" data-orig-sizes=\"(max-width: 1024px) 100vw, (max-width: 640px) 100vw, 448px\" \/><\/span><\/div><\/div><\/div><\/div><\/div>\n","protected":false},"excerpt":{"rendered":"","protected":false},"author":1,"featured_media":0,"parent":0,"menu_order":0,"comment_status":"closed","ping_status":"closed","template":"","meta":{"footnotes":""},"class_list":["post-164","page","type-page","status-publish","hentry"],"yoast_head":"<!-- This site is optimized with the Yoast SEO plugin v25.8 - https:\/\/yoast.com\/wordpress\/plugins\/seo\/ -->\n<title>Anfahrt - Podologie Wasserburg<\/title>\n<meta name=\"description\" content=\"Ihr Weg zur Fachpraxis f\u00fcr Fu\u00dfgesuundheit.\" \/>\n<meta name=\"robots\" content=\"index, follow, max-snippet:-1, max-image-preview:large, max-video-preview:-1\" \/>\n<link rel=\"canonical\" href=\"https:\/\/www.podologie-wasserburg.de\/index.php\/anfahrt\/\" \/>\n<meta property=\"og:locale\" content=\"de_DE\" \/>\n<meta property=\"og:type\" content=\"article\" \/>\n<meta property=\"og:title\" content=\"Anfahrt - Podologie Wasserburg\" \/>\n<meta property=\"og:description\" content=\"Ihr Weg zur Fachpraxis f\u00fcr Fu\u00dfgesuundheit.\" \/>\n<meta property=\"og:url\" content=\"https:\/\/www.podologie-wasserburg.de\/index.php\/anfahrt\/\" \/>\n<meta property=\"og:site_name\" content=\"Podologie Wasserburg\" \/>\n<meta property=\"article:modified_time\" content=\"2020-07-16T10:19:42+00:00\" \/>\n<meta property=\"og:image\" content=\"https:\/\/www.podologie-wasserburg.de\/wp-content\/uploads\/2020\/07\/Babensham-am-anger-22-200x200.png\" \/>\n<meta name=\"twitter:card\" content=\"summary_large_image\" \/>\n<meta name=\"twitter:label1\" content=\"Gesch\u00e4tzte Lesezeit\" \/>\n\t<meta name=\"twitter:data1\" content=\"4\u00a0Minuten\" \/>\n<script type=\"application\/ld+json\" class=\"yoast-schema-graph\">{\"@context\":\"https:\/\/schema.org\",\"@graph\":[{\"@type\":\"WebPage\",\"@id\":\"https:\/\/www.podologie-wasserburg.de\/index.php\/anfahrt\/\",\"url\":\"https:\/\/www.podologie-wasserburg.de\/index.php\/anfahrt\/\",\"name\":\"Anfahrt - Podologie Wasserburg\",\"isPartOf\":{\"@id\":\"https:\/\/www.podologie-wasserburg.de\/#website\"},\"primaryImageOfPage\":{\"@id\":\"https:\/\/www.podologie-wasserburg.de\/index.php\/anfahrt\/#primaryimage\"},\"image\":{\"@id\":\"https:\/\/www.podologie-wasserburg.de\/index.php\/anfahrt\/#primaryimage\"},\"thumbnailUrl\":\"https:\/\/www.podologie-wasserburg.de\/wp-content\/uploads\/2020\/07\/Babensham-am-anger-22-200x200.png\",\"datePublished\":\"2020-07-14T10:45:04+00:00\",\"dateModified\":\"2020-07-16T10:19:42+00:00\",\"description\":\"Ihr Weg zur Fachpraxis f\u00fcr Fu\u00dfgesuundheit.\",\"breadcrumb\":{\"@id\":\"https:\/\/www.podologie-wasserburg.de\/index.php\/anfahrt\/#breadcrumb\"},\"inLanguage\":\"de\",\"potentialAction\":[{\"@type\":\"ReadAction\",\"target\":[\"https:\/\/www.podologie-wasserburg.de\/index.php\/anfahrt\/\"]}]},{\"@type\":\"ImageObject\",\"inLanguage\":\"de\",\"@id\":\"https:\/\/www.podologie-wasserburg.de\/index.php\/anfahrt\/#primaryimage\",\"url\":\"https:\/\/www.podologie-wasserburg.de\/wp-content\/uploads\/2020\/07\/Babensham-am-anger-22.png\",\"contentUrl\":\"https:\/\/www.podologie-wasserburg.de\/wp-content\/uploads\/2020\/07\/Babensham-am-anger-22.png\",\"width\":2400,\"height\":2400,\"caption\":\"QR-Code startet Google-Maps\"},{\"@type\":\"BreadcrumbList\",\"@id\":\"https:\/\/www.podologie-wasserburg.de\/index.php\/anfahrt\/#breadcrumb\",\"itemListElement\":[{\"@type\":\"ListItem\",\"position\":1,\"name\":\"Startseite\",\"item\":\"https:\/\/www.podologie-wasserburg.de\/\"},{\"@type\":\"ListItem\",\"position\":2,\"name\":\"Anfahrt\"}]},{\"@type\":\"WebSite\",\"@id\":\"https:\/\/www.podologie-wasserburg.de\/#website\",\"url\":\"https:\/\/www.podologie-wasserburg.de\/\",\"name\":\"Podologie Wasserburg - Fachpraxis f\u00fcr Fu\u00dfgesundheit\",\"description\":\"Fachpraxis f\u00fcr Fu\u00dfgesundheit\",\"potentialAction\":[{\"@type\":\"SearchAction\",\"target\":{\"@type\":\"EntryPoint\",\"urlTemplate\":\"https:\/\/www.podologie-wasserburg.de\/?s={search_term_string}\"},\"query-input\":{\"@type\":\"PropertyValueSpecification\",\"valueRequired\":true,\"valueName\":\"search_term_string\"}}],\"inLanguage\":\"de\"}]}<\/script>\n<!-- \/ Yoast SEO plugin. -->","yoast_head_json":{"title":"Anfahrt - Podologie Wasserburg","description":"Ihr Weg zur Fachpraxis f\u00fcr Fu\u00dfgesuundheit.","robots":{"index":"index","follow":"follow","max-snippet":"max-snippet:-1","max-image-preview":"max-image-preview:large","max-video-preview":"max-video-preview:-1"},"canonical":"https:\/\/www.podologie-wasserburg.de\/index.php\/anfahrt\/","og_locale":"de_DE","og_type":"article","og_title":"Anfahrt - Podologie Wasserburg","og_description":"Ihr Weg zur Fachpraxis f\u00fcr Fu\u00dfgesuundheit.","og_url":"https:\/\/www.podologie-wasserburg.de\/index.php\/anfahrt\/","og_site_name":"Podologie Wasserburg","article_modified_time":"2020-07-16T10:19:42+00:00","og_image":[{"url":"https:\/\/www.podologie-wasserburg.de\/wp-content\/uploads\/2020\/07\/Babensham-am-anger-22-200x200.png","type":"","width":"","height":""}],"twitter_card":"summary_large_image","twitter_misc":{"Gesch\u00e4tzte Lesezeit":"4\u00a0Minuten"},"schema":{"@context":"https:\/\/schema.org","@graph":[{"@type":"WebPage","@id":"https:\/\/www.podologie-wasserburg.de\/index.php\/anfahrt\/","url":"https:\/\/www.podologie-wasserburg.de\/index.php\/anfahrt\/","name":"Anfahrt - Podologie Wasserburg","isPartOf":{"@id":"https:\/\/www.podologie-wasserburg.de\/#website"},"primaryImageOfPage":{"@id":"https:\/\/www.podologie-wasserburg.de\/index.php\/anfahrt\/#primaryimage"},"image":{"@id":"https:\/\/www.podologie-wasserburg.de\/index.php\/anfahrt\/#primaryimage"},"thumbnailUrl":"https:\/\/www.podologie-wasserburg.de\/wp-content\/uploads\/2020\/07\/Babensham-am-anger-22-200x200.png","datePublished":"2020-07-14T10:45:04+00:00","dateModified":"2020-07-16T10:19:42+00:00","description":"Ihr Weg zur Fachpraxis f\u00fcr Fu\u00dfgesuundheit.","breadcrumb":{"@id":"https:\/\/www.podologie-wasserburg.de\/index.php\/anfahrt\/#breadcrumb"},"inLanguage":"de","potentialAction":[{"@type":"ReadAction","target":["https:\/\/www.podologie-wasserburg.de\/index.php\/anfahrt\/"]}]},{"@type":"ImageObject","inLanguage":"de","@id":"https:\/\/www.podologie-wasserburg.de\/index.php\/anfahrt\/#primaryimage","url":"https:\/\/www.podologie-wasserburg.de\/wp-content\/uploads\/2020\/07\/Babensham-am-anger-22.png","contentUrl":"https:\/\/www.podologie-wasserburg.de\/wp-content\/uploads\/2020\/07\/Babensham-am-anger-22.png","width":2400,"height":2400,"caption":"QR-Code startet Google-Maps"},{"@type":"BreadcrumbList","@id":"https:\/\/www.podologie-wasserburg.de\/index.php\/anfahrt\/#breadcrumb","itemListElement":[{"@type":"ListItem","position":1,"name":"Startseite","item":"https:\/\/www.podologie-wasserburg.de\/"},{"@type":"ListItem","position":2,"name":"Anfahrt"}]},{"@type":"WebSite","@id":"https:\/\/www.podologie-wasserburg.de\/#website","url":"https:\/\/www.podologie-wasserburg.de\/","name":"Podologie Wasserburg - Fachpraxis f\u00fcr Fu\u00dfgesundheit","description":"Fachpraxis f\u00fcr Fu\u00dfgesundheit","potentialAction":[{"@type":"SearchAction","target":{"@type":"EntryPoint","urlTemplate":"https:\/\/www.podologie-wasserburg.de\/?s={search_term_string}"},"query-input":{"@type":"PropertyValueSpecification","valueRequired":true,"valueName":"search_term_string"}}],"inLanguage":"de"}]}},"_links":{"self":[{"href":"https:\/\/www.podologie-wasserburg.de\/index.php\/wp-json\/wp\/v2\/pages\/164","targetHints":{"allow":["GET"]}}],"collection":[{"href":"https:\/\/www.podologie-wasserburg.de\/index.php\/wp-json\/wp\/v2\/pages"}],"about":[{"href":"https:\/\/www.podologie-wasserburg.de\/index.php\/wp-json\/wp\/v2\/types\/page"}],"author":[{"embeddable":true,"href":"https:\/\/www.podologie-wasserburg.de\/index.php\/wp-json\/wp\/v2\/users\/1"}],"replies":[{"embeddable":true,"href":"https:\/\/www.podologie-wasserburg.de\/index.php\/wp-json\/wp\/v2\/comments?post=164"}],"version-history":[{"count":14,"href":"https:\/\/www.podologie-wasserburg.de\/index.php\/wp-json\/wp\/v2\/pages\/164\/revisions"}],"predecessor-version":[{"id":192,"href":"https:\/\/www.podologie-wasserburg.de\/index.php\/wp-json\/wp\/v2\/pages\/164\/revisions\/192"}],"wp:attachment":[{"href":"https:\/\/www.podologie-wasserburg.de\/index.php\/wp-json\/wp\/v2\/media?parent=164"}],"curies":[{"name":"wp","href":"https:\/\/api.w.org\/{rel}","templated":true}]}}